1*u**2 + 34*u - 57. What is d(-9)?
-120
Let r(h) = -3*h**3 + 211*h**2 - 673*h + 217. Determine r(67).
16
Let p(u) = -u**2 - 7*u + 49. Calculate p(-13).
-29
Let w(o) = -8*o**3 + o**2 - 12*o - 15. Give w(-1).
6
Let q(a) = -a**2 - 67*a - 463. Give q(-40).
617
Let m(l) = 32*l + 736. What is m(-23)?
0
Let m(u) = 78*u - 782. Give m(10).
-2
Let r(c) = c**3 + 14*c**2 - 51*c - 2. Give r(3).
-2
Let j(c) = 156*c + 157. What is j(-3)?
-311
Let x(a) = 2*a**3 + 4*a**2 - 2*a - 23. Calculate x(-3).
-35
Let g(m) = m**3 + 2*m**2 + m - 116. Determine g(4).
-16
Let t(o) = o**2 + 1312*o + 18185. What is t(-14)?
13
Let b(z) = -z**2 - 47*z + 204. Give b(-50).
54
Let x(c) = 2*c**2 - c - 7. Determine x(7).
84
Let m(f) = -228*f**2 + 6*f + 11. Calculate m(-1).
-223
Let t(w) = w**2 + 45*w + 290. Determine t(-8).
-6
Let r(j) = 3772*j - 18929. Give r(5).
-69
Let v(d) = -3*d**3 + 68*d**2 + 222*d - 13. Give v(-3).
14
Let r(l) = 2*l**2 + 16*l - 154. Calculate r(-12).
-58
Let a(h) = h**3 - 12*h**2 + 18*h + 58. Give a(10).
38
Let h(u) = u**2 + 279*u + 833. What is h(-3)?
5
Let f(b) = -2*b**3 + 57*b**2 - 30*b + 56. What is f(28)?
0
Let t(b) = -2*b**2 - 17*b - 75. Determine t(-7).
-54
Let k(y) = 3*y**2 + 4713*y + 14134. Calculate k(-3).
22
Let z(s) = -3*s**2 - 770*s - 2288. Calculate z(-3).
-5
Let q(r) = 3*r**2 - 255*r - 3167. Determine q(-11).
1
Let r(y) = -2*y**2 + 738*y - 22788. Determine r(34).
-8
Let k(d) = -d**3 + 17*d**2 + 170*d - 52. Determine k(24).
-4
Let u(z) = 94*z + 3933. Calculate u(-42).
-15
Let x(j) = -j**3 + 16*j**2 - 164*j + 1391. Determine x(12).
-1
Let c(r) = r**3 - 31*r**2 + 131*r - 18. Calculate c(26).
8
Let f(y) = -2*y**3 - 84*y**2 - 152*y + 288. Calculate f(-40).
-32
Let w(c) = 179*c + 353. What is w(-2)?
-5
Let z(b) = -b**3 - 15*b**2 - 36*b + 3. What is z(-11)?
-85
Let c(z) = 55*z**2 - 655*z - 63. Give c(12).
-3
Let j(q) = -3*q**3 + 66*q**2 + 23*q - 514. What is j(22)?
-8
Let s(n) = 5*n**2 + 394*n - 488. Calculate s(-80).
-8
Let d(h) = -h**3 - 4*h**2 + 5*h + 16. Calculate d(-4).
-4
Let m(z) = 184*z - 10697. Give m(58).
-25
Let i(f) = 97*f + 378. What is i(-5)?
-107
Let j(v) = 17*v - 1233. Give j(76).
59
Let k(o) = -o**3 + 29*o - 42. Determine k(0).
-42
Let g(q) = -8*q - 227. Give g(26).
-435
Let d(x) = x**3 + 121*x**2 + 242*x + 465. Calculate d(-119).
-11
Let n(i) = 2508*i - 22571. What is n(9)?
1
Let k(r) = r**2 - 213*r + 424. Calculate k(2).
2
Let z(u) = -639*u + 700. Calculate z(1).
61
Let z(o) = o**3 - 17*o**2 + 5*o - 22. What is z(17)?
63
Let b(c) = c**2 - 27*c + 198. Calculate b(14).
16
Let x(j) = -314*j + 28. What is x(0)?
28
Let h(c) = -50*c - 2958. Determine h(-58).
-58
Let y(w) = 9*w**2 + 431*w - 48. What is y(-48)?
0
Let y(m) = m**3 - 31*m**2 + 54*m + 69. Give y(29).
-47
Let w(s) = s**3 - 13*s**2 + 24*s + 10. Calculate w(3).
-8
Let s(y) = 14*y + 17. Calculate s(-2).
-11
Let w(l) = -7*l - 98. Give w(-65).
357
Let c(a) = -83*a - 1504. Give c(-18).
-10
Let m(z) = -z**3 + 46*z**2 + 24*z - 1078. Calculate m(46).
26
Let c(n) = -n**2 - 43*n - 414. Calculate c(-41).
-332
Let n(m) = 2*m**3 - 143*m**2 + 80*m - 645. Determine n(71).
-6
Let g(h) = -190*h**2 - 1712*h - 13. Give g(-9).
5
Let n(l) = 9*l**3 - 62*l**2 + 29*l - 266. Give n(7).
-14
Let c(q) = -q**3 - 11*q**2 - 13*q + 29. Give c(-10).
59
Let b(q) = -73*q - 2051. Give b(-28).
-7
Let c(h) = -84*h**2 - 223*h - 104. Calculate c(-2).
6
Let m(z) = z**3 + 22*z**2 - 104*z + 30. What is m(-26)?
30
Let b(k) = k**3 - 27*k**2 - 191*k - 95. Give b(33).
136
Let y(g) = 8*g**2 + 51*g + 69. Determine y(-4).
-7
Let z(t) = 5*t**2 - 29*t - 127. Calculate z(-6).
227
Let b(d) = 2831*d - 53791. Determine b(19).
-2
Let h(z) = 102*z**2 + 50*z - 8. Calculate h(2).
500
Let m(j) = -j**2 - 8*j + 92. Determine m(-16).
-36
Let d(p) = -11*p**2 - 20*p + 31. Determine d(1).
0
Let y(q) = -8*q**3 + 8*q**2 - 21*q + 14. Calculate y(1).
-7
Let j(z) = -2*z**3 + 33*z**2 - 16*z + 118. Calculate j(16).
118
Let x(z) = -348*z + 4399. What is x(13)?
-125
Let b(a) = a**3 - 14*a**2 - 30*a - 29. Calculate b(16).
3
Let u(l) = 171*l - 1018. Give u(6).
8
Let l(g) = -4*g**2 + g + 81. Determine l(8).
-167
Let u(i) = -19*i - 117. Give u(-6).
-3
Let g(b) = 26*b**2 - 3459*b + 145. Determine g(133).
12
Let m(l) = l**3 + 17*l**2 + 35*l - 139. Calculate m(-14).
-41
Let l(n) = -3*n**2 - 109*n + 449. What is l(4)?
-35
Let j(w) = 4*w**2 + 45*w - 267. Determine j(7).
244
Let o(d) = d**3 + 8*d**2 - 10*d - 8. Give o(-7).
111
Let d(a) = -45*a + 17. Determine d(3).
-118
Let m(f) = -5*f**2 + 1070*f - 2141. Give m(2).
-21
Let z(x) = -x**2 - 24*x - 43. What is z(-22)?
1
Let w(r) = -r**3 - 36*r**2 - 162*r - 228. Give w(-31).
-11
Let y(x) = -x**3 + 18*x**2 - 58*x + 11. Determine y(14).
-17
Let r(i) = -i**3 - 4*i**2 + 43*i - 101. Determine r(-10).
69
Let v(s) = 65*s + 6364. Determine v(-98).
-6
Let m(b) = 24*b - 164. Determine m(7).
4
Let c(p) = -8*p**2 + 92*p + 45. What is c(12)?
-3
Let a(x) = -249*x + 7500. What is a(30)?
30
Let u(w) = -815*w - 5708. What is u(-7)?
-3
Let s(m) = 2*m**3 - 305*m**2 - 158*m + 399. Determine s(153).
-366
Let x(f) = -197*f**2 - 10*f. What is x(-1)?
-187
Let r(p) = -30767*p + 16. Calculate r(0).
16
Let d(r) = -11*r**2 + 14*r + 40. What is d(-3)?
-101
Let w(d) = 2*d**2 + 5*d + 4. What is w(-1)?
1
Let p(b) = 5*b - 190. Calculate p(-43).
-405
Let a(y) = -70*y**3 - 27*y**2 + 21*y + 6. Determine a(1).
-70
Let t(z) = -6*z**2 - 15*z - 57. What is t(-6)?
-183
Let p(n) = -2*n**2 + 167*n + 10053. What is p(124)?
9
Let u(m) = -19*m**2 - 1. Give u(1).
-20
Let j(c) = c**3 - 18*c**2 + 45*c - 12. What is j(15)?
-12
Let y(r) = 52*r + 15. What is y(3)?
171
Let n(d) = 2*d**2 + 13*d - 391. What is n(13)?
116
Let w(i) = 19*i + 183. Calculate w(-6).
69
Let r(m) = -m**3 + 12*m**2 - 40. What is r(0)?
-40
Let t(v) = -23*v - 3776. Give t(-164).
-4
Let n(r) = r**3 + 6*r**2 + 14*r - 15. What is n(-2)?
-27
Let x(j) = -j**3 + 107*j**2 - 702*j + 180. Give x(100).
-20
Let o(c) = -c**3 - 21*c**2 + 24*c + 447. Determine o(-21).
-57
Let s(o) = -o**3 - 18*o**2 - 7*o - 138. Calculate s(-18).
-12
Let w(u) = 10*u**2 - 202*u + 9. Calculate w(19).
-219
Let c(r) = -r**2 + 4*r + 1765. What is c(-42)?
-167
Let o(r) = 7*r**2 + 31*r - 5. Calculate o(-3).
-35
Let l(a) = 75*a**2 - 10883*a + 1166. Calculate l(145).
6
Let g(c) = -2*c**2 - 14*c - 3. Give g(0).
-3
Let x(a) = 498*a - 20933. Give x(42).
-17
Let k(y) = -172*y + 6026. Calculate k(35).
6
Let o(c) = -480*c + 60475. What is o(126)?
-5
Let f(a) = a**3 - 42*a**2 + 275*a - 57. Calculate f(34).
45
Let l(b) = 9*b - 329. Determine l(34).
-23
Let r(a) = 8*a - 93. Determine r(-16).
-221
Let z(g) = -19*g**3 + 117*g**2 - 64*g + 283. Give z(6).
7
Let b(o) = -92*o**2 + 2391*o + 32. Determine b(26).
6
Let f(o) = -o**2 + 525*o + 1581. Determine f(-3).
-3
Let k(x) = 199*x - 1059. What is k(6)?
135
Let q(h) = -h**2 - 148*h + 1244. Calculate q(8).
-4
Let i(a) = 5*a**3 - 3*a - 3. Calculate i(-2).
-37
Let t(a) = 21*a**2 - 185*a - 32. Give t(9).
4
Let j(s) = 88*s**2 - 55*s - 51. Calculate j(-1).
92
Let j(w) = -386*w - 4636. Determine j(-12).
-4
Let i(n) = n**3 + 21*n**2 + 31*n - 73. Determine i(-3).
-4
Let w(u) = -u**3 - 55*u**2 - 376*u - 5. What is w(-47)?
-5
Let k(a) = a**2 + 36*a - 678. Calculate k(14).
22
Let i(u) = u**2 + 21*u + 53. Give i(-14).
-45
Let j(p) = -p**2 + 362*p - 13683. Calculate j(43).
34
Let q(t) = -13*t + 80. Determine q(14).
-102
Let p(m) = -3*m - 114. Calculate p(-27).
-33
Let y(j) = -j**3 + 3*j**2 + 6*j + 14. Give y(4).
22
Let h(k) = -495*k - 1188. Calculate h(-4).
792
Let w(i) = -461*i**2 - 1844*i - 6. Give w(-4).
-6
Let s(u) = -62*u**2 - 401*u + 754. Give s(-8).
-6
Let q(u) = 2*u**3 + 48*u**2 - 512*u + 5. Determine q(-32).
5
Let l(w) = -68*w - 1489. Determine l(-22).
7
Let m(g) = 10*g**2 + 47*g - 9. Determine m(-5).
6
Let r(t) = t**3 + 35*t**2 - 31*t + 189. Give r(-36).
9
Let d(q) = -49*q + 733. Give d(14).
47
Let q(u) = -u**3 - 7*u**2 - 13*u - 194. What is q(-7)?
-103
Let r(o) = -5*o**2 + 95*o - 297. Determine r(4).
3
Let b(i) = -2412*i - 31353. Determine b(-13).
3
Let d(v) = 258*v - 1937. Give d(7).
-131
Let h(q) = 84*q - 1038. Determine h(12).
-30
Let o(i) = 2*i**2 + 33*i - 96. What is o(-20)?
44
Let z(d) = 217*d**2 + 3*d - 123. What is z(0)?
-123
Let n(t) = -t**2 - 160*t + 4016. What is n(22)?
12
Let j(m) = 9*m**3 +